se 5*u - 2*r - 21 = -0*u, -3*u + 3 = v*r. Suppose -u*z + 158 = -z. Is z prime?
True
Let u(t) be the second derivative of -3*t**5/10 - 7*t**4/12 + 11*t**2/2 + 9*t. Is u(-6) prime?
False
Suppose -5*s - 4812 = -11*s. Suppose -3*f + s = -941. Let p = -322 + f. Is p a prime number?
False
Suppose 5*x - f + 86 = -19, 4*f + 86 = -3*x. Let m = -15 - x. Is (-2666)/(-2) - (3 - m) a composite number?
True
Is 216376/111 - (-2)/(-6)*1 prime?
True
Let h = 21808 + -5681. Is h a prime number?
True
Let z = 723 - 52. Is z composite?
True
Suppose 50433 = 3*v - 5*b, 41*v = 46*v - 2*b - 84055. Is v a composite number?
False
Is ((-10)/(300/79010))/(2/(-6)) composite?
False
Let g(c) = -56*c - 2. Let u be g(-10). Let s = u + -80. Is s a composite number?
True
Let f(t) = 1062*t + 3. Let o be f(1). Let z be 11/33*o*1. Suppose 2*k = -3*k + z. Is k a prime number?
True
Let i be (4/8)/(4/8). Is (-1 + -1 - -955)*i a composite number?
False
Let a be 16 + ((-6)/3 - -4). Suppose 5*y - a = 7. Suppose 2*k + 91 = 6*k - o, -y*k = 3*o - 101. Is k composite?
True
Suppose -3621512 - 44288 = -40*k. Is k composite?
True
Let q be (2 - -2) + 189*1. Suppose -4*f - q + 17 = -4*s, 0 = 5*s. Is 3 - f/(-6)*-21 a composite number?
False
Let k = 94704 - 43390. Is k a composite number?
True
Let g(l) = 15 - 2*l + 6*l**2 + l**2 - 3*l**2. Is g(-8) a composite number?
True
Let x(s) = -7*s + 2*s + 3*s - s**3 - 1. Suppose 36 = -5*g + 26. Is x(g) a prime number?
True
Let z(b) = 17 - 23 + 48*b + 11. Is z(3) prime?
True
Suppose 34*c - 793770 = 4*c. Is c prime?
True
Suppose -51*p = 93893 - 248015. Is p composite?
True
Suppose 4*p - v - 2429 = 3203, -3*v - 4215 = -3*p. Let r = p - 922. Is r composite?
False
Let w(z) = 211*z**2 + z + 1. Suppose -9*s + 6*s - 3 = 0. Is w(s) a prime number?
True
Let d(r) = 61*r**2 + 16*r + 4. Is d(-7) composite?
True
Suppose c - 4*c - 4*u - 29 = 0, -3*c - 2*u = 19. Let r(v) = 125*v**2 - 2*v + 14. Is r(c) a prime number?
False
Is (6 - 13) + (-2 - -166) composite?
False
Is ((-533819)/(-52) - 1)/(1/4) prime?
False
Let z = 5 + -2. Let r = z - 1. Suppose 3*m - c - 381 = 0, r*m - c = 3*c + 254. Is m a prime number?
True
Suppose 4*c = -8, q = -6*c + 4*c - 19. Is (11586/q)/(2/(-5)) prime?
True
Let b(c) = -12*c**3 - 2*c**2 + 15*c + 37. Is b(-4) a composite number?
True
Suppose -3*v - 2*v + 15427 = 2*i, -2*i + 2*v + 15420 = 0. Is i prime?
False
Suppose 4*i = 516 - 248. Is i a prime number?
True
Let v = -11108 - -20037. Is v prime?
True
Let q(y) = -y**3 + 12*y**2 + 6*y + 14. Let t be (9/12)/((-6)/(-72)). Is q(t) composite?
False
Let g(p) = 1096*p**2 + 12*p + 1. Is g(2) a prime number?
True
Let w be (6/(-15))/(2/(-30)). Let t = -6 + w. Suppose t = -3*y + 196 + 71. Is y composite?
False
Suppose -2*n - 227 = -957. Is n prime?
False
Suppose -3532 = 25*a - 30*a - s, 4*s = 2*a - 1426. Is a a composite number?
True
Suppose 0 = d - 2*d - 115. Let m = d + 230. Is -2*1 + m/5 a prime number?
False
Let p be (4812/8)/(-3) - 2/(-4). Let z = 593 - p. Is z prime?
False
Let f(c) = -3*c - 24. Let m be f(-8). Suppose m = -14*q + 12*q + 502. Is q prime?
True
Suppose -11*n - 3 = -3. Let g(r) = -r - 4. Let a be g(-7). Suppose 5 = -5*d, n*f + 4*d + 1567 = a*f. Is f a prime number?
True
Suppose -3*t = -3*k - 39, -5*t + 75 = 4*k + k. Let s = 14 - t. Suppose -5*u + 685 + 3580 = s. Is u composite?
False
Let h(b) = -239*b - 37. Is h(-4) composite?
False
Suppose -55 = 3*m - 5*l, -4*l + 21 + 9 = -m. Is ((-115)/m)/((-2)/(-188)) prime?
False
Let u(c) = -3302*c + 399. Is u(-4) a prime number?
False
Let g = 81 + -57. Is (-18)/12*g/9 - -1547 composite?
False
Let x = -11 - -16. Suppose -p - p + 16 = 0. Suppose 3*u + u = -p, -u + 1533 = x*f. Is f a prime number?
True
Suppose 12*k + 20 = 14*k. Let v(n) = 92*n - 27. Is v(k) a composite number?
True
Let f be -2*(1 + 11)*-1. Is (-3)/12 - (-11214)/f a composite number?
False
Suppose 2*l - 2 = -0*a - a, -a + 5*l + 2 = 0. Suppose 4*z - 22 - a = 0. Let g = 9 + z. Is g a prime number?
False
Suppose -3*c + 3*b - 38 = 4*b, -6 = 3*b. Is ((-24)/c)/((-4)/(-754)) prime?
False
Let k(j) = 3004*j + 107. Is k(30) prime?
True
Suppose 12971 = -55*c + 72*c. Is c prime?
False
Suppose 8*v = -2579 + 7755. Is v prime?
True
Suppose -18*h - 20442 = -24*h. Is h a composite number?
False
Let y = 5056 - 1509. Is y composite?
False
Suppose -3 = 3*z, 0*z = -3*b + 2*z + 4181. Is b a prime number?
False
Let y = 38 - 187. Let a(f) = -f**2 - 72. Let k be a(0). Let u = k - y. Is u a prime number?
False
Suppose 9*u + 4 = 10*u. Suppose -m - u*m - 5*g = -2300, -2*g - 908 = -2*m. Is m a prime number?
True
Let n be 1*(-382 + (-4)/4). Let s = 714 + n. Is s composite?
False
Let d(i) = 1286*i + 185. Is d(6) a prime number?
True
Suppose -2*q + 9 + 16 = -m, 4*m + 10 = 2*q. Is (4*-4)/4 + q*91 prime?
True
Suppose -5*d = -2*l + 5*l - 10543, -l - 4*d = -3526. Is l a composite number?
True
Let z(u) = -u**3 - 2*u + 2. Let p be z(0). Suppose 442 = 3*m + d + d, -710 = -5*m + p*d. Let a = 307 - m. Is a a prime number?
True
Suppose -5 = -5*l - 0*l. Suppose -d + l - 11 = 0. Is 3/15 - 908/d a prime number?
False
Suppose -2*l - 3*c + 9520 = 3*l, -2*c - 10 = 0. Is l composite?
False
Let b be (-1 - 2) + 23 + -18. Suppose 0 = l + 4*u - 315, u + 732 = b*l + 93. Is l a prime number?
False
Let p(q) = -103*q + 29. Let y(h) = -h - 12. Let j be y(-6). Is p(j) a prime number?
True
Let o(p) = -76*p - 25. Is o(-8) prime?
False
Let i = 461 - -155. Let q be ((-16)/(-6))/((-2)/3). Is q/20 + i/5 prime?
False
Suppose -5*s - 4*z = -1298, -4*s + 4*z = 8*z - 1040. Suppose 5*g - s - 2737 = 0. Is g a composite number?
False
Suppose 3*u - u - 22 = 0. Suppose 1564 = -u*m + 15*m. Is m composite?
True
Let h be ((-3)/(-2))/(3/16). Is (12/h)/(3/2194) a composite number?
False
Let z(n) = n**3 + n. Let m(b) = 3*b**3 - 12*b**2 + 4. Let s(u) = m(u) - 4*z(u). Is s(-15) composite?
False
Suppose 0 = 4*f + 12, 3*f + 4 + 3 = -n. Suppose -4*y + 0 = 8, n*z = 5*y + 2400. Is z composite?
True
Suppose 5*z - 7*z + 2610 = 0. Suppose -z = -4*r - 4*p - 289, p - 760 = -3*r. Is r prime?
False
Let q be (8 - 95/10) + (-185)/(-2). Suppose g = -3*c + q + 229, 0 = 5*g + c - 1572. Is g prime?
False
Suppose 10*s = s + 29259. Is s a composite number?
False
Suppose 11*t - 744348 - 202169 = 0. Is t a prime number?
False
Let m(k) = 24*k**2 - 6. Let a(c) = -c**2 + 7*c - 4. Let u be a(7). Let j(y) = 23*y**2 - 5. Let n(r) = u*m(r) + 5*j(r). Is n(-4) a composite number?
True
Let v(r) = 79*r**2 - r - 1. Let m be v(-2). Let j = 2139 - m. Let p = -1281 + j. Is p composite?
False
Suppose 8*p - 366584 + 55792 = 0. Is p prime?
False
Suppose -11*n = -5553 - 166168. Is n composite?
True
Suppose 0 = -3*v + 2*l + 29105, 2*l = -3*v + 7*v - 38808. Suppose 6*x + 529 = v. Is x prime?
False
Let p be (-3)/(-9) - 2/(-3). Let b = 14 + p. Is b a composite number?
True
Let p = 8 + -17. Let x be (6/p*3)/(-1). Is (x*634/(-4))/(-1) a prime number?
True
Suppose -30 + 150 = 5*d. Let p be (-6544)/(-48) - 2/(-3). Let x = p + d. Is x prime?
False
Let a(f) = 11*f**2 - 6*f - 1. Let t(l) = -4*l + 12. Let j be t(-6). Suppose 4*n = -2*n - j. Is a(n) prime?
True
Suppose z - 3 = -1. Suppose -11 = -0*q + q + t, 0 = -q + 2*t - 2. Is z/q - 1690/(-8) a composite number?
False
Let o(b) = b**2 + 9*b - 10. Suppose -40 = -5*l - 0*l. Let m be o(l). Suppose 2*d - m = 12. Is d composite?
True
Let d be ((-680)/(-5))/(2/(-12)). Let b = d + 3497. Is b a prime number?
False
Let w(d) = -15*d**3 + 3*d**2 - 5*d + 6. Let m be w(2). Let n = 183 + m. Is n prime?
True
Suppose -3*j = d + 678, -269 = -2*d + 2*j - 1625. Let t = d + 1777. Is t a composite number?
True
Let v(w) = -3 + 10*w**2 + 3. Let l be v(-1). Suppose -5*u + l*u = 1955. Is u prime?
False
Suppose 5*l + 2*x = 115, 3*x + 13 = 3*l - 35. Is l a prime number?
False
Suppose 0 = -2*b + 4*o - 10, -b + 8 = 4*b + o. Let m be 0 - b*(-8)/4. Suppose 5*g - 65 = -m*r, -4*g = -r + 28 + 11. Is r composite?
True
Let n be (21/28)/((-3)/(-12)). Let v(r) = 17*r**3 + 4*r**2 + 4*r - 8. Is v(n) composite?
False
Suppose 13 = 3*j - 2, 0 = f + 3*j - 2116. Is f prime?
False
Let g(d) = -3827*d + 17. Let w(u) = 1913*u - 8. Let c(i) = -6*g(i) - 13*w(i). Is c(-1) a prime number?
False
Let i(r) = 14*r**2 - 9*r + 3. Let k(p) = 16*p**2 - 7*p + 3. Let z(c) = 5*i(c) - 4*k(c). Let f(u) = -u + 1. Let t be f(-6). Is z(t) a